x, -5*x - 34 + 11 = -3*m. Calculate the greatest common divisor of m and 88.
11
Suppose 0 = 8*l - 2945 - 319. Let x = 438 - l. What is the highest common factor of x and 170?
10
Suppose -11*i + 6 + 115 = 0. Suppose -4 = 22*o - 23*o. Suppose 8*y + o = 12*y. What is the highest common divisor of i and y?
1
Let o = 270 - -50. Suppose 0 = -2*j + 5 + 3. Suppose l - 160 = -j*l. Calculate the greatest common divisor of o and l.
32
Let a be (-2)/10*(-1000)/(-150)*-60. Let d be (0 + -1)*0/2. Let n = d - -16. What is the greatest common factor of n and a?
16
Suppose 0 = 6*n + 3*n - 9. Let i be n/4 - (-243)/36. What is the highest common divisor of 119 and i?
7
Let n be (-9 - -6) + (-5)/((-15)/252). Let a = n + -77. Suppose 2*c + 10 = 0, -3 = -3*v - a*c + 1. What is the greatest common factor of 1 and v?
1
Suppose 3*h + 2*h - 3*u - 147 = 0, 0 = -2*h - 4*u + 64. Calculate the greatest common divisor of 1185 and h.
15
Let g be -4*(-5 + 296/(-16)). Let f = 382 - g. Calculate the greatest common factor of f and 18.
18
Suppose -i + 113 + 30 = 0. Let a = i + -130. What is the highest common divisor of 39 and a?
13
Suppose 59475*l + 27600 = 59491*l. What is the highest common divisor of l and 120?
15
Let u(j) = j - 11. Let z be u(14). Let s be (-4)/z - 155/(-15). Suppose 0 = -s*g + 5*g + 60. What is the highest common divisor of 5 and g?
5
Let o = 6 - 4. Let s(g) = 9*g**2 + 1. Let k(c) = -36*c**2 - 4*c - 4. Let j(u) = k(u) + 5*s(u). Let q be j(o). Calculate the greatest common divisor of q and 58.
29
Suppose -o = -5*z + 3842, -z = -0*z + o - 766. Suppose -5*q + 5*q = -v - 3*q + 36, 2*q + 8 = 0. Calculate the highest common divisor of v and z.
48
Suppose 1496 = k + k. Let w be ((-9)/(-5))/(3/105) + (-25)/(-5). What is the greatest common divisor of k and w?
68
Let x = -31 - -27. Let b be (-3 - (-4)/x)/(-4) - -2. Suppose 5*s = 4*h + 102, -b*h - 16 = 2*s - 3*s. Calculate the greatest common factor of 2 and s.
2
Let r be (-13)/(221/(-170))*8. What is the highest common divisor of r and 385?
5
Let d be 6/21 + (2166/14 - 2). Suppose -n + 35 = 2*c, 18 = 4*c - 2*n - 56. What is the highest common divisor of c and d?
9
Suppose 5*x + 20*d - 25*d = -5, 5*x - 45 = -5*d. Suppose x*f = -o + 43, -9*f + 12*f + 36 = o. What is the greatest common divisor of 13 and o?
13
Let t(x) = -685*x**2 - 110*x - 10. Let v(q) = -57*q**2 - 9*q - 1. Let m(y) = 2*t(y) - 25*v(y). Let g be m(-1). What is the greatest common divisor of g and 44?
11
Suppose 0 = -2*o + 3*o - 70. Let z(d) = d**2 - 79 + 86 + 42*d - 12*d. Let i be z(-30). What is the highest common factor of i and o?
7
Suppose 4*d + i - 887 = 0, 18*d + 3*i = 21*d - 639. What is the greatest common factor of d and 4?
4
Suppose g - 3*p = 1684, -59*g + 5092 = -56*g + p. What is the greatest common factor of 742 and g?
106
Suppose 0 = -5*g - a + 121, -398*a + 397*a - 129 = -5*g. Calculate the greatest common factor of g and 43.
1
Let m be 4122/(-27)*(-6)/(-4). Let q = m + 501. What is the highest common factor of 16 and q?
16
Let v = -18 + 33. Suppose -20*w + 23*w = v. Let f = w + 16. What is the greatest common divisor of f and 168?
21
Let v be 0/(-1) + (2 - -3). Suppose 7*p - 234 = 11. Suppose 0 = -56*z + p*z + 1155. Calculate the highest common factor of z and v.
5
Let k be 44538 + 104/4 - -1. What is the highest common factor of k and 15?
15
Suppose -44*y + 33*y = -264. Let m be (175/15)/(8/y). Calculate the highest common divisor of 175 and m.
35
Suppose -616 = 241*n - 245*n. Calculate the greatest common factor of 966 and n.
14
Suppose -3*r + 136 = 2*f, -3*r + 135 = -0*r + 3*f. Suppose -28 = -2*i, 2*i - 758 = h - 1144. Calculate the highest common divisor of h and r.
46
Suppose -4*t + h + 25 = 0, t + 40 = 4*t - 5*h. Suppose -3*c - t = -4*c. Let a(m) = 36*m + 23. Let s be a(c). What is the greatest common factor of s and 29?
29
Suppose 4*x - 14*x + 140 = 0. Suppose 2*v + 6*y - 4*y - x = 0, 3*v = -5*y + 19. Calculate the greatest common factor of 128 and v.
8
Suppose 5*f - 7 = 203. Calculate the greatest common factor of 216 and f.
6
Let d = -4306 + 7935. Calculate the highest common divisor of 19 and d.
19
Let k = -20 + 24. Let c = -501 - -537. What is the greatest common divisor of c and k?
4
Let w(s) = -s**3 + s**2 - s - 1. Let r be w(-1). Suppose r*j = 66 - 4. What is the greatest common factor of 279 and j?
31
Let b = 65452 + -65389. Let h(l) = 36*l**2 - l + 1. Let u be h(1). What is the greatest common factor of b and u?
9
Let q be (-1)/(12/8*2/(-69)). Suppose 7*p + 4*l - 16 = 5*p, -q = -p + l. Calculate the greatest common divisor of 27 and p.
9
Let u be -355 + -10 + 7 + 0/2. Let v be 3/24*2 - u/8. Let o = 1 + 4. Calculate the greatest common factor of o and v.
5
Let w be 4/(-2) + 0 + 9. Let a(r) = r**3 - 10*r**2 - 96*r + 406. Let t be a(15). What is the highest common factor of w and t?
7
Let t = -606 - -4418. Suppose -t = -10*x + 6458. Calculate the greatest common divisor of x and 13.
13
Suppose 0*f = -5*w + 3*f - 139, -4*w - 2*f - 98 = 0. Let p = 70 - w. Calculate the greatest common divisor of 256 and p.
32
Let c = 0 - -4. Suppose q + 10 = c. Let w be 75/6 - (-3)/q. What is the highest common divisor of 4 and w?
4
Let d(w) = -3*w**3 + 8*w**2 + 3*w + 4. Let m be d(3). Let v be 7 + 46 + (5 - m). Calculate the highest common factor of 3 and v.
3
Let k(i) = 8*i**3 + 6*i**2 - 9*i + 2. Let p be k(-5). Let u = p - -914. Calculate the highest common factor of u and 185.
37
Suppose 38*u - 386 = -1716. Let b(h) = 2*h**3 + 72*h**2 + 71*h + 43. Let a be b(u). What is the greatest common divisor of 216 and a?
8
Let w be -1*(1 - 0 - (4 + 3)). Let c(k) = -3*k**3 + 24*k**2 - 19*k - 7. Let x be c(w). What is the highest common factor of x and 1045?
95
Let u = -3 - 26. Let k = -21 - u. Let w(x) = -2*x**3 - 3*x**2 - 4*x - 11. Let g be w(-3). What is the greatest common divisor of k and g?
4
Let t(q) = 5*q + 1. Let k be t(-1). Let a = 2 - k. Let b = 423 - 414. What is the highest common factor of a and b?
3
Suppose 2*z = -n + 18 + 31, -2*z - 5*n = -29. What is the highest common factor of z and 783?
27
Let w be ((-436)/8 - 7)*(-7944)/36. What is the greatest common factor of w and 41?
41
Let f(b) = -5*b**2 - 95*b + 32. Let w be f(-19). What is the highest common factor of w and 4976?
16
Let t = -9024 - -9475. Calculate the greatest common divisor of t and 671.
11
Let g be -2 - -10 - (-16 + 11). Let h(f) = -17*f + 2 + 3*f - 4. Let c be h(-2). What is the greatest common factor of g and c?
13
Let g = 1417 + -937. Let q = -27003 + 27063. What is the greatest common factor of q and g?
60
Suppose 4*b = -96 + 168. Suppose -5*v + 5*i + 28 = -32, 0 = -3*v - 3*i + b. Let g be 2*-2 - (13 - 116). What is the greatest common divisor of g and v?
9
Suppose 3*a - 109 - 24 = 5*h, -h - 41 = -a. Let g be (a/(-15))/4*-15. Let f = -83 + 128. What is the highest common factor of g and f?
9
Let p = -704 + 768. Suppose 0 = -12*v + 176 + p. Calculate the greatest common divisor of 40 and v.
20
Let r be 20 - (2 - 1) - -1. Let u be ((-9150)/250 + 35)*25/(-4). What is the greatest common divisor of r and u?
10
Let b = -11 + 41. Suppose -2*j + b = -22. Suppose -3*h + 62 - j = 0. What is the greatest common factor of 2 and h?
2
Let q(w) = -2*w**3 + 27*w**2 - 8*w - 26. Let i be q(13). What is the greatest common divisor of 8814 and i?
39
Suppose m - 4*t = 47, -3*t + 7*t = -5*m + 163. Let y be (-14133)/51 + (-28)/(-238). Let v = y - -312. What is the greatest common factor of m and v?
35
Let w = 38 + -34. Suppose -14*t - 96 = -16*t + 5*p, -3*p = w*t - 218. What is the greatest common factor of t and 1007?
53
Suppose a - 4*r = 15, -2*r - 4 = -a + 9. Suppose -4*o - a + 95 = 0. What is the greatest common factor of o and 105?
21
Let a(k) = -k**3 + 12*k**2 - 35*k - 2. Let i be a(6). Let f be i/((-3)/(-174)*1). Calculate the greatest common divisor of 87 and f.
29
Suppose 39*z = 25*z + 43736. What is the greatest common divisor of 132 and z?
44
Let v(l) = -l**3 + 5*l**2 - 8*l - 8. Let o be v(6). Let f be 6/10 + o/20. Let a be ((-36)/20)/(f/40). Calculate the highest common factor of a and 18.
18
Let m(j) = 103*j + 415. Let a be m(-4). Calculate the highest common factor of a and 15552.
3
Let k(x) = -92*x + 1203. Let r be k(13). Calculate the greatest common divisor of r an